ided by 1235?
1234
Calculate the remainder when 120032849 is divided by 582.
5
What is the remainder when 509797 is divided by 67?
61
Calculate the remainder when 663822697 is divided by 1309.
1308
Calculate the remainder when 861597 is divided by 1990.
1917
What is the remainder when 8401752 is divided by 933?
87
What is the remainder when 15795709 is divided by 5079?
19
What is the remainder when 1154361 is divided by 166?
163
What is the remainder when 250596 is divided by 61?
8
Calculate the remainder when 78026 is divided by 516.
110
What is the remainder when 731460 is divided by 146166?
630
What is the remainder when 119801695 is divided by 86?
83
What is the remainder when 5784765 is divided by 188?
5
What is the remainder when 1911342 is divided by 13?
4
What is the remainder when 86461780 is divided by 328?
324
Calculate the remainder when 59124 is divided by 1412.
1232
Calculate the remainder when 108578 is divided by 15501.
71
Calculate the remainder when 345384 is divided by 162.
0
Calculate the remainder when 2852712 is divided by 623.
618
What is the remainder when 3250222 is divided by 79273?
29
What is the remainder when 284746 is divided by 1130?
1116
Calculate the remainder when 8643027 is divided by 22.
19
Calculate the remainder when 6158 is divided by 386.
368
Calculate the remainder when 16609 is divided by 5097.
1318
Calculate the remainder when 1938571 is divided by 387712.
11
Calculate the remainder when 672160 is divided by 3254.
1836
What is the remainder when 1312846 is divided by 19589?
383
What is the remainder when 22061047 is divided by 22397?
2
What is the remainder when 105710505 is divided by 2366?
2357
What is the remainder when 333594 is divided by 342?
144
Calculate the remainder when 761764 is divided by 9422.
8004
Calculate the remainder when 201019 is divided by 100507.
5
What is the remainder when 87569486 is divided by 5274?
5264
Calculate the remainder when 11379683 is divided by 27.
20
Calculate the remainder when 100256168 is divided by 18.
2
What is the remainder when 1544923 is divided by 81305?
128
Calculate the remainder when 4055962 is divided by 261.
22
What is the remainder when 1313406 is divided by 14?
10
What is the remainder when 334467 is divided by 38?
29
Calculate the remainder when 78264 is divided by 12967.
462
Calculate the remainder when 19817496 is divided by 112.
104
What is the remainder when 8802966 is divided by 1335?
1311
Calculate the remainder when 723695 is divided by 10757.
2976
What is the remainder when 5806109 is divided by 544?
541
Calculate the remainder when 108605048 is divided by 315.
293
What is the remainder when 609584 is divided by 35?
24
What is the remainder when 2507779 is divided by 37?
30
Calculate the remainder when 1830221 is divided by 627.
8
Calculate the remainder when 1652159 is divided by 30.
29
Calculate the remainder when 29330 is divided by 665.
70
What is the remainder when 22062 is divided by 21752?
310
What is the remainder when 68689 is divided by 2745?
64
What is the remainder when 123693 is divided by 123167?
526
Calculate the remainder when 261987 is divided by 384.
99
What is the remainder when 25881935 is divided by 24?
23
What is the remainder when 491489 is divided by 5590?
5159
What is the remainder when 13253 is divided by 1816?
541
Calculate the remainder when 398568251 is divided by 321426.
11
Calculate the remainder when 558856 is divided by 279354.
148
What is the remainder when 1121 is divided by 1057?
64
What is the remainder when 563144 is divided by 281477?
190
What is the remainder when 745405 is divided by 246698?
5311
What is the remainder when 606091 is divided by 37876?
75
Calculate the remainder when 1006351 is divided by 44.
27
What is the remainder when 4587399 is divided by 50?
49
What is the remainder when 1539990 is divided by 1982?
1958
Calculate the remainder when 772273 is divided by 236.
81
Calculate the remainder when 79836 is divided by 212.
124
What is the remainder when 146450181 is divided by 809117?
4
Calculate the remainder when 50211 is divided by 913.
909
Calculate the remainder when 640785 is divided by 128151.
30
Calculate the remainder when 172474 is divided by 82.
28
Calculate the remainder when 88460185 is divided by 3185.
3180
What is the remainder when 46811 is divided by 15161?
1328
What is the remainder when 192783 is divided by 19268?
103
Calculate the remainder when 71544491 is divided by 2375.
2366
Calculate the remainder when 7296566 is divided by 98.
74
Calculate the remainder when 56818 is divided by 3315.
463
What is the remainder when 469367 is divided by 36100?
67
Calculate the remainder when 110541391 is divided by 61.
58
What is the remainder when 8128077 is divided by 1420?
1417
Calculate the remainder when 232004 is divided by 2189.
2159
What is the remainder when 154588 is divided by 1135?
228
What is the remainder when 4671698 is divided by 1167790?
538
Calculate the remainder when 40554 is divided by 39837.
717
Calculate the remainder when 12287582 is divided by 1639.
1638
Calculate the remainder when 462567 is divided by 5573.
8
Calculate the remainder when 3483704 is divided by 1741795.
114
What is the remainder when 23869994 is divided by 5188?
6
What is the remainder when 166079 is divided by 4047?
152
Calculate the remainder when 16285 is divided by 16197.
88
Calculate the remainder when 40316 is divided by 1405.
976
What is the remainder when 260908 is divided by 4436?
3620
What is the remainder when 1650361 is divided by 135?
121
Calculate the remainder when 333871 is divided by 66717.
286
Calculate the remainder when 413892180 is divided by 2583.
9
What is the remainder when 901158 is divided by 300370?
48
What is the remainder when 2937940 is divided by 966?
334
Calculate the remainder when 64546 is divided by 4.
2
Calculate the remainder when 1020538 is divided by 2144.
2138
Calculate the remainder when 1392332 is divided by 464.
332
Calculate the remainder when 639198 is divided by 14527.
10
Calculate the remainder when 85466 is divided by 3165.
11
Calculate the remainder when 428209 is divided by 6059.
4079
What is the remainder when 7752260 is divided by 3599?
14
What is the remainder when 247521 is divided by 599?
134
What is the remainder when 1029559 is divided by 278?
125
Calculate the remainder when 168620059 is divided by 95.
94
Calculate the remainder when 66091170 is divided by 916.
854
Calculate the remainder when 1434063 is divided by 21.
15
What is the remainder when 161079663 is divided by 274?
269
Calculate the remainder when 106976 is divided by 67.
44
What is the remainder when 82241 is divided by 9789?
3929
Calculate the remainder when 430444 is divided by 30746.
0
Calculate the remainder when 288429 is divided by 2668.
285
Calculate the remainder when 18904635 is divided by 48.
27
What is the remainder when 10464787 is divided by 1172?
1171
Calculate the remainder when 725326 is divided by 4649.
82
Calculate the remainder when 12923407 is divided by 4307720.
247
What is the remainder when 1823062 is divided by 1814?
1806
What is the remainder when 527160 is divided by 64?
56
Calculate the remainder when 281871 is divided by 1424.
1343
Calculate the remainder when 1797624 is divided by 599198.
30
What is the remainder when 14582176 is divided by 19?
18
Calculate the remainder when 623241 is divided by 275.
91
Calculate the remainder when 88650842 is divided by 38.
34
What is the remainder when 73657 is divided by 7029?
3367
Calculate the remainder when 171867 is divided by 171751.
116
What is the remainder when 205524 is divided by 68363?
435
Calculate the remainder when 1426916 is divided by 120.
116
Calculate the remainder when 19710899 is divided by 543.
542
Calculate the remainder when 1336344 is divided by 668170.
4
What is the remainder when 8885198 is divided by 1145?
1143
Calculate the remainder when 3638458 is divided by 621.
19
What is the remainder when 162196858 is divided by 6321?
6319
Calculate the remainder when 65924 is divided by 65661.
263
What is the remainder when 13402918 is divided by 122?
120
Calculate the remainder when 4263860 is divided by 37.
17
What is the remainder when 1019933 is divided by 32757?
4466
What is t